12062 is divided by 1771.
489
Calculate the remainder when 248594 is divided by 95.
74
What is the remainder when 873673 is divided by 54?
7
What is the remainder when 1022582 is divided by 384?
374
Calculate the remainder when 2573309 is divided by 24497.
1124
Calculate the remainder when 5966014 is divided by 596599.
24
Calculate the remainder when 5780163 is divided by 5780154.
9
Calculate the remainder when 444068 is divided by 444033.
35
Calculate the remainder when 216923 is divided by 35732.
2531
What is the remainder when 141474054 is divided by 19?
16
Calculate the remainder when 28368751 is divided by 9732.
9703
Calculate the remainder when 607337 is divided by 241.
17
What is the remainder when 12408077 is divided by 430?
427
Calculate the remainder when 18854079 is divided by 1885407.
9
What is the remainder when 5544816 is divided by 396058?
4
Calculate the remainder when 1280072 is divided by 182865.
17
What is the remainder when 292259 is divided by 5489?
1342
Calculate the remainder when 166126 is divided by 284.
270
What is the remainder when 9256981 is divided by 1587?
10
What is the remainder when 735717 is divided by 290?
277
What is the remainder when 1950275 is divided by 1949929?
346
Calculate the remainder when 330862 is divided by 91.
77
Calculate the remainder when 30110125 is divided by 4813.
4810
Calculate the remainder when 4103891 is divided by 2846.
2805
What is the remainder when 44236354 is divided by 313733?
1
Calculate the remainder when 2352774 is divided by 1176321.
132
What is the remainder when 397152346 is divided by 894?
892
What is the remainder when 1070018 is divided by 4693?
14
What is the remainder when 3878187 is divided by 60?
27
What is the remainder when 2011972 is divided by 95?
62
What is the remainder when 41011490 is divided by 603110?
10
Calculate the remainder when 56322 is divided by 18553.
663
What is the remainder when 1349985 is divided by 2027?
3
What is the remainder when 45992 is divided by 37607?
8385
Calculate the remainder when 464061 is divided by 1628.
81
Calculate the remainder when 400494992 is divided by 66.
62
What is the remainder when 450198 is divided by 22208?
6038
What is the remainder when 632309 is divided by 1093?
555
Calculate the remainder when 414502 is divided by 868.
466
What is the remainder when 5052345 is divided by 22?
1
Calculate the remainder when 1445212 is divided by 361161.
568
Calculate the remainder when 210118 is divided by 10014.
9838
Calculate the remainder when 4358948 is divided by 1122.
1100
What is the remainder when 9564820 is divided by 415858?
86
Calculate the remainder when 58642351 is divided by 415903.
28
What is the remainder when 6869100 is divided by 16394?
14
Calculate the remainder when 14848243 is divided by 28.
11
What is the remainder when 14242654 is divided by 8549?
20
What is the remainder when 55154 is divided by 184?
138
What is the remainder when 9629807 is divided by 5688?
23
Calculate the remainder when 4817078 is divided by 107046.
8
What is the remainder when 87166330 is divided by 361?
353
What is the remainder when 1405852 is divided by 61123?
23
What is the remainder when 595785 is divided by 66188?
93
What is the remainder when 256996 is divided by 821?
23
Calculate the remainder when 102499 is divided by 408.
91
What is the remainder when 74522 is divided by 37021?
480
Calculate the remainder when 3341517 is divided by 151887.
3
What is the remainder when 106417825 is divided by 30?
25
Calculate the remainder when 59844 is divided by 1325.
219
What is the remainder when 3600591 is divided by 27072?
15
Calculate the remainder when 42774871 is divided by 1859777.
0
Calculate the remainder when 48802936 is divided by 567476.
0
What is the remainder when 7116487 is divided by 3558235?
17
What is the remainder when 12012033 is divided by 166?
107
Calculate the remainder when 21018 is divided by 5732.
3822
What is the remainder when 2797095 is divided by 215161?
2
What is the remainder when 6492086 is divided by 111?
29
What is the remainder when 260071 is divided by 4133?
3825
Calculate the remainder when 15974214 is divided by 78.
48
What is the remainder when 8785179 is divided by 5904?
27
Calculate the remainder when 1468149 is divided by 1239.
1173
What is the remainder when 22390965 is divided by 746364?
45
What is the remainder when 72870 is divided by 1431?
1320
What is the remainder when 113783918 is divided by 20?
18
What is the remainder when 168076 is divided by 10511?
10411
Calculate the remainder when 817483 is divided by 675.
58
What is the remainder when 1564200 is divided by 120322?
14
What is the remainder when 12688038 is divided by 12687891?
147
Calculate the remainder when 157694 is divided by 352.
350
What is the remainder when 4245881 is divided by 849141?
176
Calculate the remainder when 240156 is divided by 611.
33
What is the remainder when 155338933 is divided by 314?
307
Calculate the remainder when 9163577 is divided by 2607.
2579
Calculate the remainder when 378661 is divided by 80.
21
Calculate the remainder when 2075582 is divided by 969.
953
Calculate the remainder when 81486 is divided by 1113.
237
Calculate the remainder when 10573505 is divided by 124394.
15
What is the remainder when 15665951 is divided by 6847?
15
Calculate the remainder when 7265868 is divided by 13.
12
Calculate the remainder when 646915 is divided by 2270.
2235
What is the remainder when 48121 is divided by 3204?
61
Calculate the remainder when 160564 is divided by 21955.
6879
What is the remainder when 1277429 is divided by 385?
384
Calculate the remainder when 49035 is divided by 2961.
1659
Calculate the remainder when 1533764 is divided by 383441.
0
What is the remainder when 674214 is divided by 403?
398
What is the remainder when 739717 is divided by 210?
97
What is the remainder when 3547370 is divided by 1182375?
245
What is the remainder when 16597 is divided by 3172?
737
Calculate the remainder when 15311445 is divided by 860.
5
What is the remainder when 2644521 is divided by 881469?
114
What is the remainder when 4580294 is divided by 83277?
59
What is the remainder when 70383 is divided by 640?
623
Calculate the remainder when 2439462 is divided by 1190.
1152
Calculate the remainder when 787671 is divided by 1680.
1431
Calculate the remainder when 284857 is divided by 1563.
391
What is the remainder when 48352 is divided by 12074?
56
What is the remainder when 2464007 is divided by 6902?
6895
What is the remainder when 11394032 is divided by 6831?
6755
Calculate the remainder when 3731548 is divided by 5084.
4976
Calculate the remainder when 1426071 is divided by 203.
199
What is the remainder when 2308047 is divided by 3476?
3459
What is the remainder when 296446674 is divided by 51?
45
Calculate the remainder when 369453114 is divided by 71.
70
Calculate the remainder when 5031622 is divided by 18845.
7
What is the remainder when 20938386 is divided by 2617297?
10
Calculate the remainder when 116527609 is divided by 2.
1
Calculate the remainder when 92451 is divided by 45920.
611
What is the remainder when 1042874 is divided by 12297?
9926
What is the remainder when 25772670 is divided by 23?
20
Calculate the remainder when 696561 is divided by 102.
3
What is the remainder when 2071834 is divided by 2774?
2430
Calculate the remainder when 116710 is divided by 1459.
1449
What is the remainder when 7845705 is divided by 1493?
1483
What is the remainder when 22804418 is divided by 146?
94
What is the remainder when 222020 is divided by 70?
50
What is the remainder when 35929504 is divided by 176?
160
What is the remainder when 70409 is divided by 400?
9
Calculate the remainder when 56792 is divided by 18451.
1439
Calculate the remainder when 51268 is divided by 25023.
1222
Calculate the remainder when 4213546 is divided by 1404374.
424
What is the remainder when 53894 is divided by 52310?
1584
What is the remainder when 8252738 is divided by 113050?
88
Calculate the remainder when 20022 is divided by 129.
27
What is the remainder when 848686 is divided by 5053?
4835
Calculate the remainder when 15281776 is divided by 111.
73
What is the remainder when 1150387 is divided by 164339?
14
What is the r